
-1332415
In base 4, what is -2220102 + -1213?
-2221321
In base 2, what is 110101110010 - -10011?
110110000101
In base 6, what is -110434 - 10?
-110444
In base 15, what is 3a - -528?
563
In base 3, what is 100220 + 12101122?
12202112
In base 11, what is -79 + 1201?
1133
In base 16, what is 7167 + -4?
7163
In base 16, what is 11bc7 - 2?
11bc5
In base 10, what is -46 + 40926?
40880
In base 9, what is 1270 - 336?
833
In base 16, what is 2 + 2f17?
2f19
In base 7, what is 2504 + -254?
2220
In base 10, what is 89941 - 8?
89933
In base 16, what is -1b5 + c9?
-ec
In base 12, what is -4030 - 2?
-4032
In base 5, what is -4 + 101440?
101431
In base 9, what is -2420223 - 1?
-2420224
In base 12, what is 7587 + 15?
75a0
In base 8, what is -47 - 1166?
-1235
In base 12, what is -1 + -54a6?
-54a7
In base 6, what is -13252 + -233?
-13525
In base 4, what is 10 + -20323?
-20313
In base 14, what is -15bcb + 2?
-15bc9
In base 6, what is -3 - 4431054?
-4431101
In base 16, what is 2 - 553b?
-5539
In base 7, what is 1 - 2441214?
-2441213
In base 15, what is 75a6 + 38?
75de
In base 3, what is -1111110220 - 1010?
-1111112000
In base 15, what is -4 + -117a20?
-117a24
In base 16, what is 663 - -40?
6a3
In base 13, what is 80 - -107a?
112a
In base 3, what is -1101220001 - 10?
-1101220011
In base 2, what is -11100 + 10100000100000?
10100000000100
In base 13, what is 39bc - 19?
39a3
In base 2, what is -11110011111001000 - -100011?
-11110011110100101
In base 14, what is -6265 - -10?
-6255
In base 14, what is 147 + 68?
1b1
In base 14, what is -304 - 1824?
-1b28
In base 12, what is 2 - -162a?
1630
In base 15, what is -5 + -b544?
-b549
In base 12, what is -340a + -1040?
-444a
In base 10, what is -158451 + 0?
-158451
In base 9, what is 12 - 56280?
-56267
In base 10, what is 5 + -161155?
-161150
In base 13, what is -78728 + 2?
-78726
In base 15, what is -8e0 - -e?
-8d1
In base 10, what is 367485 + 2?
367487
In base 13, what is -454 - 2a4c?
-31a3
In base 6, what is -12351044 - 0?
-12351044
In base 13, what is -4135 - -97?
-406b
In base 9, what is -7482 + -31?
-7523
In base 14, what is -101876d + -3?
-1018772
In base 6, what is -25042 - -11?
-25031
In base 7, what is -135530 - 14?
-135544
In base 3, what is -10001100011 + -10?
-10001100021
In base 9, what is -86 + 5822?
5725
In base 11, what is 1 + -6a325?
-6a324
In base 15, what is 8e2a + 92?
8ebc
In base 8, what is -25745 - 317?
-26264
In base 15, what is 0 - 223?
-223
In base 16, what is 1 - 26586?
-26585
In base 13, what is 14 + -1332?
-131b
In base 2, what is 110110010 + 100000001111?
100111000001
In base 16, what is 3913 + 1d?
3930
In base 14, what is 4 - -74c?
752
In base 15, what is 72d - -63?
791
In base 4, what is 321 + 20132?
21113
In base 10, what is 8 + 7076?
7084
In base 11, what is a9 - -11025?
11123
In base 9, what is 15565 + 60?
15635
In base 13, what is 700517 + 4?
70051b
In base 13, what is 1 + -6921?
-6920
In base 9, what is 5 + -106603?
-106587
In base 14, what is -11 + b3a0?
b38d
In base 2, what is 10110010100010 - 0?
10110010100010
In base 9, what is -3572 + 7?
-3564
In base 2, what is -1 - -10101010100110001?
10101010100110000
In base 12, what is -380 + -35?
-3b5
In base 10, what is -25240 - 100?
-25340
In base 13, what is 1a + 27a8?
27c5
In base 14, what is -5 + 1a080c?
1a0807
In base 15, what is -4 - -ee435?
ee431
In base 9, what is -871 - 61?
-1042
In base 13, what is -2088 + 4?
-2084
In base 15, what is 8 - -1ac8?
1ad1
In base 7, what is 3 + 11501?
11504
In base 7, what is 42 - -305653?
306025
In base 4, what is 10102330 + -3201?
10033123
In base 9, what is 75258 + 114?
75373
In base 11, what is -15 - 530a0?
-53105
In base 2, what is 1001111100000111 - -101?
1001111100001100
In base 15, what is -4a - -521d?
51c3
In base 12, what is 21 - 627?
-606
In base 12, what is -75 - 5ab9?
-5b72
In base 12, what is 35a68 - 2?
35a66
In base 8, what is 61711 + 0?
61711
In base 16, what is 1 - -27ea7?
27ea8
In base 7, what is 6046 - -45?
6124
In base 13, what is -305 - -b2?
-223
In base 16, what is -1e393 + -2?
-1e395
In base 4, what is -111 - 10332102?
-10332213
In base 10, what is 38 + 2560?
2598
In base 14, what is 29c66 + 1?
29c67
In base 15, what is c2c6 + 5?
c2cb
In base 3, what is -200122220 - 201?
-200200121
In base 2, what is 100 + 1100001111?
1100010011
In base 9, what is -467 + 147?
-320
In base 12, what is -5b - -861?
802
In base 7, what is 2 - -2566320?
2566322
In base 8, what is 1426327 - 4?
1426323
In base 11, what is -16 + 4a02?
4997
In base 5, what is -1300400 + -44?
-1300444
In base 7, what is -11 + -14425?
-14436
In base 10, what is 896 - 31?
865
In base 2, what is 1000010100 - 1110101110011?
-1101101011111
In base 15, what is -5 - -a88?
a83
In base 16, what is 1a769 - 9?
1a760
In base 16, what is -1b39 - 9?
-1b42
In base 4, what is 12 - -123320?
123332
In base 11, what is -6 - -13206a?
132064
In base 14, what is -3 + 8736?
8733
In base 12, what is b5 + 61?
156
In base 11, what is 1a740 + 5?
1a745
In base 9, what is -7665 - -88?
-7566
In base 13, what is -3 - 22620?
-22623
In base 16, what is 14f - -15?
164
In base 9, what is 3 - -438512?
438515
In base 4, what is 32202303 + 10?
32202313
In base 4, what is -23000010322 + 3?
-23000010313
In base 12, what is 10a134a + 1?
10a134b
In base 12, what is 7047b - -6?
70485
In base 11, what is -2636 + 6a9?
-1a38
In base 10, what is 132 - 464?
-332
In base 9, what is -14178 + -7?
-14186
In base 4, what is -133003 - 3?
-133012
In base 7, what is 25200040 + 3?
25200043
In base 12, what is 3167004 + 1?
3167005
In base 13, what is -7 - -97a?
973
In base 3, what is -102010220 + 1?
-102010212
In base 3, what is -12001 + -1001212210?
-1002001211
In base 11, what is 35 + 1635?
166a
In base 7, what is 3 - 31631?
-31625
In base 6, what is 5 - 12250322?
-12250313
In base 11, what is -2 - 22329?
-22330
In base 12, what is 3b3a1 + 9?
3b3aa
In base 13, what is -3b9 + -16?
-402
In base 13, what is 173a7 + -8?
1739c
In base 12, what is 863 - -132?
995
In base 12, what is b977b + -7?
b9774
In base 12, what is -6 - 54a?
-554
In base 14, what is -22 - -1a00?
19bc
In base 13, what is 541246 - 3?
541243
In base 15, what is 5 + -1b95?
-1b90
In base 15, what is -5694 - 6?
-569a
In base 13, what is -329 - 1499?
-17c5
In base 15, what is -2 + 5188?
5186
In base 5, what is 1112101 + -4?
1112042
In base 14, what is -239457 - -4?
-239453
In base 13, what is 5 - -40929?
40931
In base 9, what is 428331 + -4?
428326
In base 2, what is -1100100001101 - -1?
-1100100001100
In base 4, what is -21 - 33220133?
-33220220
In base 16, what is 0 - 339c?
-339c
In base 14, what is 2ad - 4?
2a9
In base 4, what is -2 + 2321331333?
2321331331
In base 16, what is 2 - -2619b?
2619d
In base 15, what is -11b8 + -29c?
-1465
In base 2, what is -111000101110011000 + -101?
-111000101110011101
In base 16, what is -2 - 86641?
-86643
In base 4, what is 0 - 112031120?
-112031120
In base 7, what is 16 + 131121?
131140
In base 7, what is -264536 + 1?
-264535
In base 5, what is -20141 + 231?
-14410
In base 3, what is -10 - 201221220?
-201222000
In base 6, what is 11 + 1545?
2000
In base 12, what is 0 - -5b41?
5b41
In base 15, what is -791a + 3?
-7917
In base 2, what is 100 + -11100011111001110010?
-11100011111001101110
In base 3, what is -200201121 - 10?
-200201201
In base 8, what is 0 + -25164?
-25164
In base 3, what is -2212221220 - -111?
-2212221102
In base 15, what is -237 + 77?
-1b0
In base 2, what is -10000010001101 + 111?
-10000010000110
In base 2, what is 10001000011100001111 - -1100?
10001000011100011011
In base 14, what is -69 - c?
-77
In base 13, what is -907c2 - 2?
-907c4
In base 8, what is -3 - -4376?
4373
In base 7, what is 1 + 134406?
134410
In base 15, what is 58bc29 - -3?
58bc2c
In base 9, what is 276 + -1231?
-844
In base 6, what is -2 - 104334?
-104340
In base 16, what is 9c + -475a?
-46be
In base 8, what is 3105 + 627?
3734
In base 10, what is 676 - 110?
566
In base 16, what is -104ea - -3?
-104e7
In base 14, what is -56 - 61d?
-675
In base 8, what is 166015 + 7?
166024
In base 11, what is -43 - 2895?
-2928
In base 14, what is -d + -8665?
-8674
In base 12, what is -b + -3669?
-3678
In base 9, what is 874 + 10?
884
In base 2, what is -1010000110010 - -10100?
-1010000011110
In base 10, what is -3 - 